{"id":5,"date":"2014-02-05T10:50:00","date_gmt":"2014-02-05T10:50:00","guid":{"rendered":"http:\/\/kayros.conversacioneskayros.es\/?page_id=5"},"modified":"2015-05-05T09:44:37","modified_gmt":"2015-05-05T08:44:37","slug":"inicio","status":"publish","type":"page","link":"https:\/\/www.adpsalud.es\/conversacioneskayros\/","title":{"rendered":"INICIO"},"content":{"rendered":"<p><iframe loading=\"lazy\" width=\"400\" height=\"200\" src=\"https:\/\/www.youtube.com\/embed\/T8XbjYTqKMU\" frameborder=\"0\" allowfullscreen><\/iframe><\/p>\n<p><strong><br \/>\n<\/strong><\/p>\n<h3 style=\"text-align: center;\">\u00a1Bienvenido\/a a KAYR\u00d3S \u2013 CONVERSACIONES QUE AYUDAN!<\/h3>\n<p style=\"text-align: justify;\">Este sitio o p\u00e1gina web es un espacio para facilitar la reflexi\u00f3n, la comunicaci\u00f3n y la planificaci\u00f3n cuando estamos enfermos y\/o estamos cuidando a alguien enfermo.<\/p>\n<p style=\"text-align: justify;\">Estamos poco acostumbrados a hablar de la enfermedad, de la dependencia, del dolor, del morir. Muchas veces se han convertido estos asuntos en tab\u00faes. Se tiene temor a hablar de ellos. Consideramos que lo normal es tener miedo a la muerte, no hablar de estas cosas.<\/p>\n<p style=\"text-align: justify;\">El proyecto\u00a0<strong>KAYR\u00d3S &#8211; CONVERSACIONES QUE AYUDAN<\/strong> busca afrontar con naturalidad esta realidad de que somos humanos, fr\u00e1giles, vulnerables, mortales. Para ello apuesta por ayudar a reformular las amenazas que cada uno afronta en la vida y aumentar los recursos de que dispone para ello, persiguiendo disminuir el sufrimiento, f\u00edsico y emocional, que acompa\u00f1a estas situaciones de fragilidad.<\/p>\n<p style=\"text-align: justify;\">La buena noticia es que vivimos vidas m\u00e1s largas. La mala noticia puede ser que vivimos vidas m\u00e1s largas. No es un juego de palabras. Hace falta no s\u00f3lo darle a\u00f1os a la vida, si no tambi\u00e9n o sobre todo, darle vida a los a\u00f1os. Es eslogan de imagen de empresa farmac\u00e9utica: \u201chacer m\u00e1s, sentirse mejor, vivir m\u00e1s tiempo\u201d.<\/p>\n<p style=\"text-align: justify;\">El granito de arena que pretende aportar <strong>KAYR\u00d3S &#8211; CONVERSACIONES QUE AYUDAN<\/strong> es el de rescatar, promover y desarrollar nuestra capacidad de comunicaci\u00f3n y nuestras habilidades relacionales para afrontar los desaf\u00edos de la enfermedad que antes o despu\u00e9s, directa o indirectamente, a todos nos van a afectar a lo largo de nuestra vida.<\/p>\n<p style=\"text-align: justify;\">La estructura de la p\u00e1gina de <strong>KAYR\u00d3S \u2013 CONVERSACIONES QUE AYUDAN<\/strong> es sencilla y puede entenderse como un itinerario c\u00edclico que puede recorrerse empezando por distintos lugares cada vez, seg\u00fan nuestras necesidades y la situaci\u00f3n que estemos viviendo.<\/p>\n<p style=\"text-align: justify;\">La p\u00e1gina, como un \u00e1rbol en crecimiento, ofrecer\u00e1 un tronco central que poco a poco ir\u00e1 ampliando sus ramas, sus flores y sus frutos. El eje o columna vertebral es el siguiente:<\/p>\n<h6 style=\"text-align: center;\"><div class=\"clearfix\" data-animate=\"rollIn\" data-delay=\"50\"><a title=\"Filosof\u00eda de la vida. Enfermos\/cuidadores\" href=\"https:\/\/www.adpsalud.es\/conversacioneskayros\/?page_id=490\">FILOSOF\u00cdA (de la vida)<\/a> <\/div><\/h6>\n<h6 style=\"text-align: center;\"><div class=\"clearfix\" data-animate=\"rollIn\" data-delay=\"100\"><a title=\"Momentos \u2013 KAYR\u00d3S\" href=\"https:\/\/www.adpsalud.es\/conversacioneskayros\/?page_id=593\">MOMENTOS<\/a> <\/div><\/h6>\n<h6 style=\"text-align: center;\"><div class=\"clearfix\" data-animate=\"rollIn\" data-delay=\"150\"><a title=\"Conversaciones. Enfermos\/cuidadores\" href=\"https:\/\/www.adpsalud.es\/conversacioneskayros\/?page_id=612\">CONVERSACIONES<\/a> <\/div><\/h6>\n<h6 style=\"text-align: center;\"><div class=\"clearfix\" data-animate=\"rollIn\" data-delay=\"200\"><a title=\"Narrativas \u2013 KAYR\u00d3S\" href=\"https:\/\/www.adpsalud.es\/conversacioneskayros\/?page_id=636\">NARRATIVAS<\/a> <\/div><\/h6>\n<h6 style=\"text-align: center;\"><div class=\"clearfix\" data-animate=\"rollIn\" data-delay=\"250\"><a title=\"Recursos \u2013 KAYR\u00d3S\" href=\"https:\/\/www.adpsalud.es\/conversacioneskayros\/?page_id=648\">RECURSOS<\/a> <\/div><\/h6>\n<p style=\"text-align: justify;\">Adem\u00e1s de cosas sesudas dirigidas a nuestra cabeza aqu\u00ed compartiremos experiencias apuntadas a nuestro coraz\u00f3n y recurriremos a analog\u00edas, met\u00e1foras e historias que nos aporten un lenguaje com\u00fan.<\/p>\n<p style=\"text-align: justify;\">Vayamos con las primeras. Los seres humanos que habitamos este planeta llamado Tierra sabemos de ciclos: el d\u00eda y la noche, ciclo cotidiano que acompa\u00f1a nuestras necesidades b\u00e1sicas (dormir, comer, actividades de la vida diaria); el a\u00f1o, con su ciclo m\u00e1s largo, con su primavera, verano, oto\u00f1o e invierno, con su clima, luminosidad, seg\u00fan en d\u00f3nde vivamos.<\/p>\n<p style=\"text-align: justify;\">Y de alg\u00fan modo nuestras vidas sigue un cierto ciclo: nacer, crecer, vivir en plenitud, envejecer, morir. Dos analog\u00edas que pueden complementarse entre s\u00ed para reflejar algunos aspectos de este ciclo son \u201cla vida como r\u00edo\u201d (desde el nacimiento modesto a la desembocadura) y la \u201cvida como la luz durante un d\u00eda\u201d (desde el amanecer del d\u00eda a la noche).<\/p>\n<p>Para profundizar sobre estas analog\u00edas puedes ir a <a title=\"Filosof\u00eda de la vida. Enfermos\/cuidadores\" href=\"https:\/\/www.adpsalud.es\/conversacioneskayros\/?page_id=490\"><span style=\"text-decoration: underline;\">FILOSOF\u00cdA DE LA VIDA \u2013 KAYR\u00d3S<\/span><\/a> en la secci\u00f3n de &#8211;<em>Enfermos\/Cuidadores<\/em>-.<\/p>\n<p>Para abrir boca, puedes descargarte el <a title=\"Gui\u00f3n video\" href=\"https:\/\/www.adpsalud.es\/conversacioneskayros\/wp-content\/uploads\/2014\/04\/kayros_guion_visual.pdf\" target=\"_blank\">gui\u00f3n del v\u00eddeo de presentaci\u00f3n<\/a>\u00a0 y considerar las preguntas o reflexiones que incluye.<\/p>\n","protected":false},"excerpt":{"rendered":"<p>\u00a1Bienvenido\/a a KAYR\u00d3S \u2013 CONVERSACIONES QUE AYUDAN! Este sitio o p\u00e1gina web es un espacio para facilitar la reflexi\u00f3n, la comunicaci\u00f3n y la planificaci\u00f3n cuando estamos enfermos y\/o estamos cuidando a alguien enfermo. Estamos poco acostumbrados a hablar de la enfermedad, de la dependencia, del dolor, del morir. Muchas veces se han convertido estos asuntos en tab\u00faes. Se tiene temor a hablar de ellos. Consideramos que lo normal es tener [&hellip;]<\/p>\n","protected":false},"author":5,"featured_media":0,"parent":0,"menu_order":0,"comment_status":"open","ping_status":"open","template":"","meta":{"footnotes":""},"_links":{"self":[{"href":"https:\/\/www.adpsalud.es\/conversacioneskayros\/index.php?rest_route=\/wp\/v2\/pages\/5"}],"collection":[{"href":"https:\/\/www.adpsalud.es\/conversacioneskayros\/index.php?rest_route=\/wp\/v2\/pages"}],"about":[{"href":"https:\/\/www.adpsalud.es\/conversacioneskayros\/index.php?rest_route=\/wp\/v2\/types\/page"}],"author":[{"embeddable":true,"href":"https:\/\/www.adpsalud.es\/conversacioneskayros\/index.php?rest_route=\/wp\/v2\/users\/5"}],"replies":[{"embeddable":true,"href":"https:\/\/www.adpsalud.es\/conversacioneskayros\/index.php?rest_route=%2Fwp%2Fv2%2Fcomments&post=5"}],"version-history":[{"count":32,"href":"https:\/\/www.adpsalud.es\/conversacioneskayros\/index.php?rest_route=\/wp\/v2\/pages\/5\/revisions"}],"predecessor-version":[{"id":1340,"href":"https:\/\/www.adpsalud.es\/conversacioneskayros\/index.php?rest_route=\/wp\/v2\/pages\/5\/revisions\/1340"}],"wp:attachment":[{"href":"https:\/\/www.adpsalud.es\/conversacioneskayros\/index.php?rest_route=%2Fwp%2Fv2%2Fmedia&parent=5"}],"curies":[{"name":"wp","href":"https:\/\/api.w.org\/{rel}","templated":true}]}}

<p><iframe loading="lazy" width="400" height="200" src="https://www.youtube.com/embed/T8XbjYTqKMU" frameborder="0" allowfullscreen></iframe></p>
<p><strong><br />
</strong></p>
<h3 style="text-align: center;">¡Bienvenido/a a KAYRÓS – CONVERSACIONES QUE AYUDAN!</h3>
<p style="text-align: justify;">Este sitio o página web es un espacio para facilitar la reflexión, la comunicación y la planificación cuando estamos enfermos y/o estamos cuidando a alguien enfermo.</p>
<p style="text-align: justify;">Estamos poco acostumbrados a hablar de la enfermedad, de la dependencia, del dolor, del morir. Muchas veces se han convertido estos asuntos en tabúes. Se tiene temor a hablar de ellos. Consideramos que lo normal es tener miedo a la muerte, no hablar de estas cosas.</p>
<p style="text-align: justify;">El proyecto <strong>KAYRÓS &#8211; CONVERSACIONES QUE AYUDAN</strong> busca afrontar con naturalidad esta realidad de que somos humanos, frágiles, vulnerables, mortales. Para ello apuesta por ayudar a reformular las amenazas que cada uno afronta en la vida y aumentar los recursos de que dispone para ello, persiguiendo disminuir el sufrimiento, físico y emocional, que acompaña estas situaciones de fragilidad.</p>
<p style="text-align: justify;">La buena noticia es que vivimos vidas más largas. La mala noticia puede ser que vivimos vidas más largas. No es un juego de palabras. Hace falta no sólo darle años a la vida, si no también o sobre todo, darle vida a los años. Es eslogan de imagen de empresa farmacéutica: “hacer más, sentirse mejor, vivir más tiempo”.</p>
<p style="text-align: justify;">El granito de arena que pretende aportar <strong>KAYRÓS &#8211; CONVERSACIONES QUE AYUDAN</strong> es el de rescatar, promover y desarrollar nuestra capacidad de comunicación y nuestras habilidades relacionales para afrontar los desafíos de la enfermedad que antes o después, directa o indirectamente, a todos nos van a afectar a lo largo de nuestra vida.</p>
<p style="text-align: justify;">La estructura de la página de <strong>KAYRÓS – CONVERSACIONES QUE AYUDAN</strong> es sencilla y puede entenderse como un itinerario cíclico que puede recorrerse empezando por distintos lugares cada vez, según nuestras necesidades y la situación que estemos viviendo.</p>
<p style="text-align: justify;">La página, como un árbol en crecimiento, ofrecerá un tronco central que poco a poco irá ampliando sus ramas, sus flores y sus frutos. El eje o columna vertebral es el siguiente:</p>
<h6 style="text-align: center;"><div class="clearfix" data-animate="rollIn" data-delay="50"><a title="Filosofía de la vida. Enfermos/cuidadores" href="https://www.adpsalud.es/conversacioneskayros/?page_id=490">FILOSOFÍA (de la vida)</a> </div></h6>
<h6 style="text-align: center;"><div class="clearfix" data-animate="rollIn" data-delay="100"><a title="Momentos – KAYRÓS" href="https://www.adpsalud.es/conversacioneskayros/?page_id=593">MOMENTOS</a> </div></h6>
<h6 style="text-align: center;"><div class="clearfix" data-animate="rollIn" data-delay="150"><a title="Conversaciones. Enfermos/cuidadores" href="https://www.adpsalud.es/conversacioneskayros/?page_id=612">CONVERSACIONES</a> </div></h6>
<h6 style="text-align: center;"><div class="clearfix" data-animate="rollIn" data-delay="200"><a title="Narrativas – KAYRÓS" href="https://www.adpsalud.es/conversacioneskayros/?page_id=636">NARRATIVAS</a> </div></h6>
<h6 style="text-align: center;"><div class="clearfix" data-animate="rollIn" data-delay="250"><a title="Recursos – KAYRÓS" href="https://www.adpsalud.es/conversacioneskayros/?page_id=648">RECURSOS</a> </div></h6>
<p style="text-align: justify;">Además de cosas sesudas dirigidas a nuestra cabeza aquí compartiremos experiencias apuntadas a nuestro corazón y recurriremos a analogías, metáforas e historias que nos aporten un lenguaje común.</p>
<p style="text-align: justify;">Vayamos con las primeras. Los seres humanos que habitamos este planeta llamado Tierra sabemos de ciclos: el día y la noche, ciclo cotidiano que acompaña nuestras necesidades básicas (dormir, comer, actividades de la vida diaria); el año, con su ciclo más largo, con su primavera, verano, otoño e invierno, con su clima, luminosidad, según en dónde vivamos.</p>
<p style="text-align: justify;">Y de algún modo nuestras vidas sigue un cierto ciclo: nacer, crecer, vivir en plenitud, envejecer, morir. Dos analogías que pueden complementarse entre sí para reflejar algunos aspectos de este ciclo son “la vida como río” (desde el nacimiento modesto a la desembocadura) y la “vida como la luz durante un día” (desde el amanecer del día a la noche).</p>
<p>Para profundizar sobre estas analogías puedes ir a <a title="Filosofía de la vida. Enfermos/cuidadores" href="https://www.adpsalud.es/conversacioneskayros/?page_id=490"><span style="text-decoration: underline;">FILOSOFÍA DE LA VIDA – KAYRÓS</span></a> en la sección de &#8211;<em>Enfermos/Cuidadores</em>-.</p>
<p>Para abrir boca, puedes descargarte el <a title="Guión video" href="https://www.adpsalud.es/conversacioneskayros/wp-content/uploads/2014/04/kayros_guion_visual.pdf" target="_blank">guión del vídeo de presentación</a>  y considerar las preguntas o reflexiones que incluye.</p>

<p>¡Bienvenido/a a KAYRÓS – CONVERSACIONES QUE AYUDAN! Este sitio o página web es un espacio para facilitar la reflexión, la comunicación y la planificación cuando estamos enfermos y/o estamos cuidando a alguien enfermo. Estamos poco acostumbrados a hablar de la enfermedad, de la dependencia, del dolor, del morir. Muchas veces se han convertido estos asuntos en tabúes. Se tiene temor a hablar de ellos. Consideramos que lo normal es tener [&hellip;]</p>
