{"id":490,"date":"2014-04-01T11:29:21","date_gmt":"2014-04-01T10:29:21","guid":{"rendered":"http:\/\/kayros.conversacioneskayros.es\/?page_id=490"},"modified":"2014-04-01T13:19:01","modified_gmt":"2014-04-01T12:19:01","slug":"filosofia-de-la-vida-enfermoscuidadores","status":"publish","type":"page","link":"https:\/\/www.adpsalud.es\/conversacioneskayros\/?page_id=490","title":{"rendered":"Filosof\u00eda de la vida. Enfermos\/cuidadores"},"content":{"rendered":"<blockquote>\n<h4><span style=\"color: #00acee;\"><b>\u201c<\/b>Para la mente humana, lo cierto es y ser\u00e1 siempre pen\u00faltimo, y lo \u00faltimo es y ser\u00e1 siempre incierto<b>\u201d<\/b> (Pedro La\u00edn Entralgo)<\/span><\/h4>\n<\/blockquote>\n<p style=\"text-align: justify;\">\u00bfCu\u00e1l es tu \u00abfilosof\u00eda de la vida\u00bb? Por \u201cfilosof\u00eda de la vida\u201d entendemos el modo de vivir, de darle sentido a la vida que cada uno vive. Qu\u00e9 te gu\u00eda a la hora de tomar tus decisiones, a la hora de entablar relaciones con otros, a la hora de concretar tus actividades. C\u00f3mo afrontas la \u201cempresa de vivir\u201d, la \u201cempresa de ser humano\u201d (en palabras de La\u00edn Entralgo).<\/p>\n<p style=\"text-align: justify;\">La filosof\u00eda de la vida entronca con el sentido y con el sinsentido de lo que hacemos. Con c\u00f3mo interpretamos lo que nos sucede y c\u00f3mo proyectamos nuestras actuaciones y deliberamos sobre lo que tenemos que hacer. Tiene mucho que ver con la \u201cantropolog\u00eda\u201d de la que se habla en la secci\u00f3n paralela a esta para <em>&#8211;<span style=\"text-decoration: underline;\"><a title=\"Profesionales\" href=\"https:\/\/www.adpsalud.es\/conversacioneskayros\/?page_id=362\">profesionales<\/a><\/span><\/em>&#8211;<i>.<\/i><\/p>\n<p style=\"text-align: justify;\">Si al final de nuestros d\u00edas nos concedieran el deseo de poder ver la pel\u00edcula de nuestra vida podr\u00edamos trazar varias gr\u00e1ficas que reflejaran \u201cnuestra historia\u201d, nuestra trayectoria, seg\u00fan aquello que tuvi\u00e9ramos en cuenta (perspectiva):<\/p>\n<p style=\"text-align: justify;\"><b><span style=\"color: #00acee;\"> \u00bb <\/span><\/b><span style=\"text-decoration: underline;\"><span style=\"color: #00acee; text-decoration: underline;\"><strong>\u0098\u0098\u0098\u008e<\/strong><\/span><\/span><span style=\"color: #00acee;\"><strong>Vitalidad (funcionalidad) \/ tiempo<\/strong><\/span><span style=\"color: #00acee;\"><strong>.<\/strong><\/span> Una gr\u00e1fica \u201ccl\u00e1sica\u201d de nuestra trayectoria, una perspectiva de nuestra historia, ser\u00eda la que relacionara nuestra vitalidad, nuestra funcionalidad, la capacidad de vivir \u201cd\u00e1ndolo por hecho\u201d, sin pesadumbres o achaques.<\/p>\n<p style=\"text-align: justify;\">En una \u201cversi\u00f3n ideal\u201d, tras la etapa inicial del desarrollo adquirir\u00edamos una m\u00e1xima funcionalidad viviendo (juventud, adultez). Esperar\u00edamos tener los menores dientes de sierra o descensos provocados por eventuales enfermedades puntuales (agudas) o accidentes que idealmente superar\u00edamos, volviendo a nuestra funcionalidad anterior, hasta que tuvi\u00e9ramos alguna enfermedad cr\u00f3nica que fuese disminuyendo nuestra funcionalidad con m\u00e1s o menos pendiente, seg\u00fan su gravedad, con eventuales amenazas puntuales (reagudizaciones), que si superamos nos llevar\u00edan a una edad avanzada (envejecimiento) con un nivel de funcionalidad resultado de los achaques acumulados, la eventual dependencia en algunas actividades de la vida diaria, hasta la eventual p\u00e9rdida total que representa la muerte.<\/p>\n<p style=\"text-align: justify;\">Ver en la secci\u00f3n de &#8211;<em>Profesionales-<\/em> la utilidad de\u00a0\u00ab<a href=\"https:\/\/www.adpsalud.es\/conversacioneskayros\/wp-content\/uploads\/2014\/04\/TrayectoriasEnfermedad_KAYROS_web.pdf\" target=\"_blank\"><span style=\"text-decoration: underline;\">Trayectorias de Enfermedad<\/span><\/a>\u00ab.<\/p>\n<p style=\"text-align: justify;\">Desde el punto de vista antropol\u00f3gico, nuestra mortalidad sigue el proceso del deterioro de nuestro cuerpo con la historia del nacer, depender de otros mientras nos desarrollamos hacia nuestra plenitud funcional, vivir sano, enfermar, recuperarse, enfermar progresivamente intentando atemperar los efectos de la enfermedad, envejecer, eventualmente depender de otros para que nos cuiden, morir. En ese proceso tenemos un contexto social y una estructura de cuidados que nos ayudar\u00e1 a afrontar mejor o peor estos desaf\u00edos y buscamos en los profesionales de la salud que nos ayuden a modificar el curso de las enfermedades que nos aquejen, libr\u00e1ndonos de ellas idealmente, evitando en la medida de lo posible que afecten a nuestra funcionalidad o, en el peor de los casos, que nos alivien nuestro padecimiento y nos acompa\u00f1en. Ver en la secci\u00f3n de &#8211;<em>Profesionales-<\/em> la secci\u00f3n sobre los &#8211;<em>fines de la medicina-<\/em> en la presentaci\u00f3n titulada\u00a0 \u00ab<a href=\"https:\/\/www.adpsalud.es\/conversacioneskayros\/wp-content\/uploads\/2014\/04\/TrayectoriasEnfermedad_KAYROS_web.pdf\" target=\"_blank\"><span style=\"text-decoration: underline;\">Trayectorias de Enfermedad<\/span><\/a>\u00ab.<\/p>\n<p style=\"text-align: justify;\">Sin duda al ver reconstruida toda la gr\u00e1fica de nuestra vida en relaci\u00f3n con la funcionalidad podemos identificar \u201cmomentos cr\u00edticos\u201d, puntos de inflexi\u00f3n, acontecimientos que provocaron un cambio de la \u201ccalidad\u201d de nuestra funcionalidad. Si la vida nos ha puesto a prueba, puede que veamos acortado el \u201ctiempo esperado\u201d de vida (la expectativa) o que hayamos tenido problemas considerables que hayan comprometido la funcionalidad.<\/p>\n<p style=\"text-align: justify;\">En cuanto al final, ver la trayectoria vital en perspectiva nos permite adivinar si era \u201cesperable\u201d o \u201cimprevisto\u201d. Cada uno tenemos un cierto \u201cideal\u201d de c\u00f3mo querr\u00edamos despedirnos de este mundo. Esto tambi\u00e9n tiene que ver con la filosof\u00eda de la vida. C\u00f3mo nos gustar\u00eda que fuera nuestro \u00faltimo cap\u00edtulo.<\/p>\n<p>Ver en la secci\u00f3n de &#8211;<em>Profesionales<\/em>&#8211; la secci\u00f3n sobre <span style=\"color: #993300;\">\u201c<span style=\"text-decoration: underline;\">KAYR\u00d3S Y TH\u00c1NATOS<\/span>\u201d.<\/span><\/p>\n<p style=\"text-align: justify;\"><strong><span style=\"color: #00acee;\">\u00bb Disfrute (calidad) \/ tiempo. <\/span><\/strong>Otra gr\u00e1fica, distinta a la de la \u201cfuncionalidad\/tiempo\u201d, es la que podr\u00eda reflejar la intensidad con que la hemos disfrutado de la vida en relaci\u00f3n con el tiempo en el que la hemos ido viviendo. La calidad de lo que hemos vivido mientras lo viv\u00edamos. Calidad que, probablemente ir\u00e1 acomodando o fluctuando su significado a lo largo de nuestra vida. Entendida a veces como capacidad de hacer cosas y otras como capacidad de paladear lo que hacemos sea mucho o poco.<\/p>\n<p style=\"text-align: justify;\">Desde esta perspectiva habr\u00e1 coincidencias con la gr\u00e1fica de la funcionalidad, especialmente en los \u201chitos\u201d o \u201cmomentos cr\u00edticos\u201d, pero podremos observar tambi\u00e9n fen\u00f3menos curiosos en relaci\u00f3n con las pruebas a las que nos somete la vida. Puede que en momentos cr\u00edticos de \u201cenfermedad\u201d (con menor \u201cfuncionalidad\u201d se produzcan experiencias de calidad y sentido mayores que en otros momentos te\u00f3ricamente m\u00e1s plenos).<\/p>\n<p style=\"text-align: justify;\">Esto es lo que caracteriza al ser humano y que ya asombr\u00f3 a S\u00f3focles seg\u00fan expres\u00f3 en Ant\u00edgona: el ser humano es \u201clo m\u00e1s maravilloso -y lo m\u00e1s terrible- del mundo\u201d.<\/p>\n<h5 style=\"text-align: justify;\">\u00a0PARA PENSAR:<\/h5>\n<p style=\"text-align: justify;\">En el v\u00eddeo de introducci\u00f3n se utiliza la <strong>\u201canalog\u00eda de la vida como un r\u00edo\u201d<\/strong>.<\/p>\n<p style=\"text-align: justify;\">En la siguiente <span style=\"text-decoration: underline;\"><a title=\"La vida como un r\u00edo\" href=\"https:\/\/www.adpsalud.es\/conversacioneskayros\/?p=560\" target=\"_blank\">presentaci\u00f3n<\/a><\/span> puedes ver algunas reflexiones sobre esta idea. \u00bfTe parece que puede ayudar a entender la vida como una gr\u00e1fica funcionalidad \/ tiempo? <span style=\"text-decoration: underline;\"><a title=\"La vida como un r\u00edo\" href=\"https:\/\/www.adpsalud.es\/conversacioneskayros\/?p=560\" target=\"_blank\">Comparte tus opiniones<\/a><\/span>.<\/p>\n<p style=\"text-align: justify;\">Otra imagen o <strong>analog\u00eda <\/strong>que puede complementar esta idea del recorrido de la vida es la de un <strong>d\u00eda-noche<\/strong> y la luz y la calidez.<\/p>\n<p style=\"text-align: justify;\">En la siguiente <span style=\"text-decoration: underline;\"><a title=\"La vida como d\u00eda\/luz\" href=\"https:\/\/www.adpsalud.es\/conversacioneskayros\/?p=553\" target=\"_blank\">presentaci\u00f3n<\/a><\/span> puedes ver algunas reflexiones sobre esta idea. \u00bfTe parece que puede ayudar a entender la vida como una gr\u00e1fica calidad (disfrute) \/ tiempo la idea de luz \u2013 calidez venida de fuera (el sol) y generada por nosotros? <span style=\"text-decoration: underline;\"><a title=\"La vida como d\u00eda\/luz\" href=\"https:\/\/www.adpsalud.es\/conversacioneskayros\/?p=553\" target=\"_blank\"> Comparte tus opiniones<\/a><\/span>.<\/p>\n","protected":false},"excerpt":{"rendered":"<p>\u201cPara la mente humana, lo cierto es y ser\u00e1 siempre pen\u00faltimo, y lo \u00faltimo es y ser\u00e1 siempre incierto\u201d (Pedro La\u00edn Entralgo) \u00bfCu\u00e1l es tu \u00abfilosof\u00eda de la vida\u00bb? Por \u201cfilosof\u00eda de la vida\u201d entendemos el modo de vivir, de darle sentido a la vida que cada uno vive. Qu\u00e9 te gu\u00eda a la hora de tomar tus decisiones, a la hora de entablar relaciones con otros, a la hora [&hellip;]<\/p>\n","protected":false},"author":5,"featured_media":0,"parent":0,"menu_order":0,"comment_status":"open","ping_status":"open","template":"","meta":{"footnotes":""},"_links":{"self":[{"href":"https:\/\/www.adpsalud.es\/conversacioneskayros\/index.php?rest_route=\/wp\/v2\/pages\/490"}],"collection":[{"href":"https:\/\/www.adpsalud.es\/conversacioneskayros\/index.php?rest_route=\/wp\/v2\/pages"}],"about":[{"href":"https:\/\/www.adpsalud.es\/conversacioneskayros\/index.php?rest_route=\/wp\/v2\/types\/page"}],"author":[{"embeddable":true,"href":"https:\/\/www.adpsalud.es\/conversacioneskayros\/index.php?rest_route=\/wp\/v2\/users\/5"}],"replies":[{"embeddable":true,"href":"https:\/\/www.adpsalud.es\/conversacioneskayros\/index.php?rest_route=%2Fwp%2Fv2%2Fcomments&post=490"}],"version-history":[{"count":57,"href":"https:\/\/www.adpsalud.es\/conversacioneskayros\/index.php?rest_route=\/wp\/v2\/pages\/490\/revisions"}],"predecessor-version":[{"id":1343,"href":"https:\/\/www.adpsalud.es\/conversacioneskayros\/index.php?rest_route=\/wp\/v2\/pages\/490\/revisions\/1343"}],"wp:attachment":[{"href":"https:\/\/www.adpsalud.es\/conversacioneskayros\/index.php?rest_route=%2Fwp%2Fv2%2Fmedia&parent=490"}],"curies":[{"name":"wp","href":"https:\/\/api.w.org\/{rel}","templated":true}]}}

Filosofía de la vida. Enfermos/cuidadores

<blockquote>
<h4><span style="color: #00acee;"><b>“</b>Para la mente humana, lo cierto es y será siempre penúltimo, y lo último es y será siempre incierto<b>”</b> (Pedro Laín Entralgo)</span></h4>
</blockquote>
<p style="text-align: justify;">¿Cuál es tu «filosofía de la vida»? Por “filosofía de la vida” entendemos el modo de vivir, de darle sentido a la vida que cada uno vive. Qué te guía a la hora de tomar tus decisiones, a la hora de entablar relaciones con otros, a la hora de concretar tus actividades. Cómo afrontas la “empresa de vivir”, la “empresa de ser humano” (en palabras de Laín Entralgo).</p>
<p style="text-align: justify;">La filosofía de la vida entronca con el sentido y con el sinsentido de lo que hacemos. Con cómo interpretamos lo que nos sucede y cómo proyectamos nuestras actuaciones y deliberamos sobre lo que tenemos que hacer. Tiene mucho que ver con la “antropología” de la que se habla en la sección paralela a esta para <em>&#8211;<span style="text-decoration: underline;"><a title="Profesionales" href="https://www.adpsalud.es/conversacioneskayros/?page_id=362">profesionales</a></span></em>&#8211;<i>.</i></p>
<p style="text-align: justify;">Si al final de nuestros días nos concedieran el deseo de poder ver la película de nuestra vida podríamos trazar varias gráficas que reflejaran “nuestra historia”, nuestra trayectoria, según aquello que tuviéramos en cuenta (perspectiva):</p>
<p style="text-align: justify;"><b><span style="color: #00acee;"> » </span></b><span style="text-decoration: underline;"><span style="color: #00acee; text-decoration: underline;"><strong></strong></span></span><span style="color: #00acee;"><strong>Vitalidad (funcionalidad) / tiempo</strong></span><span style="color: #00acee;"><strong>.</strong></span> Una gráfica “clásica” de nuestra trayectoria, una perspectiva de nuestra historia, sería la que relacionara nuestra vitalidad, nuestra funcionalidad, la capacidad de vivir “dándolo por hecho”, sin pesadumbres o achaques.</p>
<p style="text-align: justify;">En una “versión ideal”, tras la etapa inicial del desarrollo adquiriríamos una máxima funcionalidad viviendo (juventud, adultez). Esperaríamos tener los menores dientes de sierra o descensos provocados por eventuales enfermedades puntuales (agudas) o accidentes que idealmente superaríamos, volviendo a nuestra funcionalidad anterior, hasta que tuviéramos alguna enfermedad crónica que fuese disminuyendo nuestra funcionalidad con más o menos pendiente, según su gravedad, con eventuales amenazas puntuales (reagudizaciones), que si superamos nos llevarían a una edad avanzada (envejecimiento) con un nivel de funcionalidad resultado de los achaques acumulados, la eventual dependencia en algunas actividades de la vida diaria, hasta la eventual pérdida total que representa la muerte.</p>
<p style="text-align: justify;">Ver en la sección de &#8211;<em>Profesionales-</em> la utilidad de «<a href="https://www.adpsalud.es/conversacioneskayros/wp-content/uploads/2014/04/TrayectoriasEnfermedad_KAYROS_web.pdf" target="_blank"><span style="text-decoration: underline;">Trayectorias de Enfermedad</span></a>«.</p>
<p style="text-align: justify;">Desde el punto de vista antropológico, nuestra mortalidad sigue el proceso del deterioro de nuestro cuerpo con la historia del nacer, depender de otros mientras nos desarrollamos hacia nuestra plenitud funcional, vivir sano, enfermar, recuperarse, enfermar progresivamente intentando atemperar los efectos de la enfermedad, envejecer, eventualmente depender de otros para que nos cuiden, morir. En ese proceso tenemos un contexto social y una estructura de cuidados que nos ayudará a afrontar mejor o peor estos desafíos y buscamos en los profesionales de la salud que nos ayuden a modificar el curso de las enfermedades que nos aquejen, librándonos de ellas idealmente, evitando en la medida de lo posible que afecten a nuestra funcionalidad o, en el peor de los casos, que nos alivien nuestro padecimiento y nos acompañen. Ver en la sección de &#8211;<em>Profesionales-</em> la sección sobre los &#8211;<em>fines de la medicina-</em> en la presentación titulada  «<a href="https://www.adpsalud.es/conversacioneskayros/wp-content/uploads/2014/04/TrayectoriasEnfermedad_KAYROS_web.pdf" target="_blank"><span style="text-decoration: underline;">Trayectorias de Enfermedad</span></a>«.</p>
<p style="text-align: justify;">Sin duda al ver reconstruida toda la gráfica de nuestra vida en relación con la funcionalidad podemos identificar “momentos críticos”, puntos de inflexión, acontecimientos que provocaron un cambio de la “calidad” de nuestra funcionalidad. Si la vida nos ha puesto a prueba, puede que veamos acortado el “tiempo esperado” de vida (la expectativa) o que hayamos tenido problemas considerables que hayan comprometido la funcionalidad.</p>
<p style="text-align: justify;">En cuanto al final, ver la trayectoria vital en perspectiva nos permite adivinar si era “esperable” o “imprevisto”. Cada uno tenemos un cierto “ideal” de cómo querríamos despedirnos de este mundo. Esto también tiene que ver con la filosofía de la vida. Cómo nos gustaría que fuera nuestro último capítulo.</p>
<p>Ver en la sección de &#8211;<em>Profesionales</em>&#8211; la sección sobre <span style="color: #993300;">“<span style="text-decoration: underline;">KAYRÓS Y THÁNATOS</span>”.</span></p>
<p style="text-align: justify;"><strong><span style="color: #00acee;">» Disfrute (calidad) / tiempo. </span></strong>Otra gráfica, distinta a la de la “funcionalidad/tiempo”, es la que podría reflejar la intensidad con que la hemos disfrutado de la vida en relación con el tiempo en el que la hemos ido viviendo. La calidad de lo que hemos vivido mientras lo vivíamos. Calidad que, probablemente irá acomodando o fluctuando su significado a lo largo de nuestra vida. Entendida a veces como capacidad de hacer cosas y otras como capacidad de paladear lo que hacemos sea mucho o poco.</p>
<p style="text-align: justify;">Desde esta perspectiva habrá coincidencias con la gráfica de la funcionalidad, especialmente en los “hitos” o “momentos críticos”, pero podremos observar también fenómenos curiosos en relación con las pruebas a las que nos somete la vida. Puede que en momentos críticos de “enfermedad” (con menor “funcionalidad” se produzcan experiencias de calidad y sentido mayores que en otros momentos teóricamente más plenos).</p>
<p style="text-align: justify;">Esto es lo que caracteriza al ser humano y que ya asombró a Sófocles según expresó en Antígona: el ser humano es “lo más maravilloso -y lo más terrible- del mundo”.</p>
<h5 style="text-align: justify;"> PARA PENSAR:</h5>
<p style="text-align: justify;">En el vídeo de introducción se utiliza la <strong>“analogía de la vida como un río”</strong>.</p>
<p style="text-align: justify;">En la siguiente <span style="text-decoration: underline;"><a title="La vida como un río" href="https://www.adpsalud.es/conversacioneskayros/?p=560" target="_blank">presentación</a></span> puedes ver algunas reflexiones sobre esta idea. ¿Te parece que puede ayudar a entender la vida como una gráfica funcionalidad / tiempo? <span style="text-decoration: underline;"><a title="La vida como un río" href="https://www.adpsalud.es/conversacioneskayros/?p=560" target="_blank">Comparte tus opiniones</a></span>.</p>
<p style="text-align: justify;">Otra imagen o <strong>analogía </strong>que puede complementar esta idea del recorrido de la vida es la de un <strong>día-noche</strong> y la luz y la calidez.</p>
<p style="text-align: justify;">En la siguiente <span style="text-decoration: underline;"><a title="La vida como día/luz" href="https://www.adpsalud.es/conversacioneskayros/?p=553" target="_blank">presentación</a></span> puedes ver algunas reflexiones sobre esta idea. ¿Te parece que puede ayudar a entender la vida como una gráfica calidad (disfrute) / tiempo la idea de luz – calidez venida de fuera (el sol) y generada por nosotros? <span style="text-decoration: underline;"><a title="La vida como día/luz" href="https://www.adpsalud.es/conversacioneskayros/?p=553" target="_blank"> Comparte tus opiniones</a></span>.</p>

<p>“Para la mente humana, lo cierto es y será siempre penúltimo, y lo último es y será siempre incierto” (Pedro Laín Entralgo) ¿Cuál es tu «filosofía de la vida»? Por “filosofía de la vida” entendemos el modo de vivir, de darle sentido a la vida que cada uno vive. Qué te guía a la hora de tomar tus decisiones, a la hora de entablar relaciones con otros, a la hora [&hellip;]</p>
